k - 1256 = -4*z, z + 2*k + 4 = 340. Calculate the greatest common divisor of 6360 and z.
40
Suppose -2*m = -5*b + 11, 7*b - 12 = -3*m + 5*b. Let i be 1149/18 - m/(-12). What is the highest common divisor of i and 80?
16
Let m be (-64)/(-1) - (-9 - -11). Suppose -m = -9*j + 226. Calculate the greatest common factor of 184 and j.
8
Let x(n) = 554*n**2 + 5*n + 67. Let j be x(8). Calculate the highest common divisor of 61 and j.
61
Suppose t - 9620 = -4*a, -a - 23*t + 2420 = -19*t. What is the highest common factor of a and 4?
4
Suppose 16*b + 5053 = -3827. Let g = -317 - b. Calculate the highest common factor of g and 34.
34
Let t = 2 - -48. Suppose 2*f = -3*f + t. Let b be 2 + (-18)/(3/(-3)). Calculate the greatest common divisor of b and f.
10
Let z(o) = -o**3 - 20*o**2 + 94*o - 13. Let y be 180/(-8) + (-9)/6. Let n be z(y). What is the greatest common factor of 56 and n?
7
Let k be (-4 - 36/(-10))*-750. Suppose 3*f + 384 = 5*j, -5*j - 10*f + 366 = -7*f. Calculate the greatest common factor of j and k.
75
Let c = 22434 - 20930. What is the highest common divisor of 611 and c?
47
Suppose -m - 4*o + 1050 = 2*m, 5*m = -o + 1767. Calculate the greatest common divisor of m and 1180.
118
Suppose a = 256*a - 296310. What is the greatest common divisor of 3818 and a?
166
Suppose -10*c - 21 = -3*c. Let h(n) = 39*n**2 - n - 3. Let p be h(c). Calculate the greatest common divisor of 13 and p.
13
Suppose 0 = n - 5*w - 50, 0*w - 82 = -2*n + 4*w. Let z(s) = s**3 - 39*s**2 + 37*s + 59. Let b be z(38). What is the greatest common factor of n and b?
7
Let c = -16601 + 16658. What is the greatest common factor of 33459 and c?
57
Suppose 2*y - 2*u - 656 = 0, -3*y - 2*y + u + 1628 = 0. Suppose 19*q + 134117 - 134611 = 0. Calculate the greatest common factor of y and q.
13
Let s(a) = 415*a - 549. Let o be s(4). Calculate the highest common divisor of 11 and o.
11
Suppose -132*i - 50 = -142*i. Suppose -n + 334 = 3*j + j, i*j - 995 = -3*n. What is the greatest common divisor of 30 and n?
30
Suppose 0 = -g - 4, g + 9 = -y + 183. Suppose -y*b + 729 = -169*b. Calculate the greatest common factor of b and 54.
27
Suppose 3*o + s = -66, -3 = -3*o - 4*s - 60. Let x be o/(-46) + (1 - (-38)/(-4)). Let k be (-1)/(33/x - -4). What is the highest common factor of k and 64?
8
Suppose -2*y - 5*n = -741, -n = -y - 0*n + 360. Suppose 0 = -294*r + 89*r + 6765. What is the greatest common divisor of y and r?
33
Let h be -1 + (0 - -151 - 0). Suppose -24*b + 538 + 169 = -733. What is the highest common factor of b and h?
30
Suppose 21*h + 28 = 17*h. Let d(a) = -a**3 - 7*a**2 - 3*a - 1. Let k be d(h). Calculate the highest common divisor of k and 40.
20
Let a = 287 - 119. Suppose -2*m + a = -3*k, 2*m - k + 3*k - 158 = 0. What is the highest common factor of 3 and m?
3
Let q be 5/((-24)/30*4/(-16)). Suppose 0 = q*z - 29*z + 544. What is the highest common factor of z and 34?
34
Let n(x) = -3*x + 168. Let u(l) = l**2 - 16*l - 10. Let y be u(18). Let i be n(y). Calculate the highest common factor of 480 and i.
30
Let z = -8869 - -9506. Calculate the greatest common factor of 728 and z.
91
Let b be (187*1)/1 + 25 + -30. Suppose h = -b + 232. Calculate the greatest common factor of 10 and h.
10
Suppose -60 = -6*j + j. Suppose 33 = 7*u + j. Let l be (-7 + 4)*(-2)/u. What is the greatest common divisor of l and 22?
2
Let u(h) = -3*h**3 + 15*h**2 + 39*h - 11. Let d be u(-3). What is the greatest common factor of 649 and d?
11
Let t be 1714/18 + 24/(-108). Suppose -g = -2*g. Suppose 3*z + z - 20 = g, -3*h - 5*z + 82 = 0. What is the highest common factor of t and h?
19
Let a be -142*(1470/(-196))/(1*3). What is the greatest common divisor of 5 and a?
5
Let n = 18786 - 18778. Let z(d) = d**2 + 7*d + 8. Let w be z(-7). Calculate the highest common factor of n and w.
8
Suppose 82*t = 11*t + 18389. What is the greatest common divisor of t and 296?
37
Suppose 0 = -4*r + 9*m - 8*m + 364, 3*r + 4*m - 292 = 0. Calculate the greatest common divisor of r and 529.
23
Suppose 0 = -231*o + 7788 + 69034 + 1718. What is the greatest common divisor of 108 and o?
4
Let d(y) = 39*y - 16. Let f be d(4). Let s(k) = 9*k - 507. Let x be s(63). Calculate the greatest common factor of f and x.
20
Let h = -3 - -5. Suppose -h*m - 574 = -4*m - 2*q, -3*m + 5*q + 861 = 0. Suppose -67 = 3*w - 190. What is the greatest common divisor of w and m?
41
Suppose 4*h = 2*h - 3*w - 2, 5*w + 4 = -3*h. Suppose 0 = g - 3, 6*g - 12 = -h*p + 10*g. What is the greatest common divisor of p and 27?
3
Let f = -10 + 17. Suppose -2*w = 2, 18*w - 93 = -2*r + 13*w. Calculate the highest common divisor of f and r.
7
Let d be 6/27 - 1/(36/(-64)). Suppose m = -d*m - 4*a + 83, -2*m = -2*a - 46. What is the greatest common divisor of 30 and m?
5
Let b(m) = -m**3 + 183*m**2 + 323*m + 9094. Let n be b(185). Suppose 0 = a + 2*a - 63. What is the greatest common divisor of n and a?
21
Let r(m) = -49 - 4*m + 46 + 35. Let o be r(-2). Calculate the highest common divisor of o and 10.
10
Suppose 29502 - 10197 = 33*d. Suppose -5*j + 295 = -d. What is the highest common divisor of j and 80?
16
Let y be 89 + 2/(-1) + 19/(-19). Let n = y + -86. Let z = n + 264. Calculate the highest common divisor of 66 and z.
66
Suppose 173*i = 119*i + 2592. Suppose 5*p + 4*j = 18 + 8, 24 = 2*p + 5*j. What is the greatest common factor of i and p?
2
Let v(s) = -s**3 + 2*s**2 + 5*s + 4. Let x be v(4). Let q = x + 287. Calculate the highest common divisor of 31 and q.
31
Let p(k) = 44*k - 950. Let h be p(34). What is the highest common factor of 42 and h?
42
Let v = 577 - 577. Suppose v = -78*k + 64*k + 1456. What is the highest common divisor of k and 24?
8
Let w be ((-1789)/(-6))/(-1) - 23/(-138). Let o = -25 - w. Calculate the highest common factor of o and 117.
39
Suppose -9 = -77*a + 74*a. Suppose 0 = -3*f - 4 - 8. Let x = 16 + f. Calculate the highest common divisor of a and x.
3
Suppose -50209 + 18310 = -31*c. Let u be (86/14)/(21/c). Calculate the greatest common factor of 14 and u.
7
Let h = -497 - -734. Suppose 12*d + 2130 = -3*d. Let t = h + d. What is the greatest common divisor of t and 19?
19
Suppose -19*h + 1059 - 536 = -807. Suppose 0 = -3*o + 34 + 56. Calculate the highest common divisor of o and h.
10
Let u(t) be the first derivative of -t**2 + 36*t - 22. Let k be u(-11). Let f = 68 - k. Calculate the greatest common factor of 190 and f.
10
Suppose -587*g = -637*g + 12750. Calculate the greatest common divisor of g and 15.
15
Let q be (42*5)/((-13)/(-1 + -12)). What is the greatest common divisor of 3710 and q?
70
Suppose -57*t + 34058 = -504 + 3782. Calculate the highest common factor of 2052 and t.
108
Let m(c) = -c**3 - 7*c**2 - 2*c + 14. Let a be m(-6). Let n = a - -29. Suppose 15*x = n*x - 56. What is the greatest common divisor of x and 56?
14
Let n(b) = b**3 + 18*b**2 + 1. Let j be n(-18). Let s be (-1*j)/(7 - 3348/478). Suppose 12*k - s = -71. Calculate the greatest common factor of 56 and k.
14
Let l(w) = -w**2 + 12*w - 32. Let d be l(7). Suppose -6*b + 4*x = -b - 20, -16 = -4*b - x. Suppose -b - 20 = -c. What is the greatest common divisor of c and d?
3
Let b be 1324 + (119/21 - (-14)/42). What is the greatest common factor of 3430 and b?
70
Suppose 5*z - 151 = 5*k + 2*z, -2*z = k + 25. Let y = k - -37. Let t be y/10*5 + 16. Calculate the greatest common divisor of t and 8.
4
Let t(i) be the first derivative of 4*i**3/3 + i**2/2 - 3*i + 28. Let q be t(3). Suppose -q = -5*h + 24. Calculate the highest common divisor of 20 and h.
4
Suppose 16 + 92 = 2*q - t, 0 = 4*q + 4*t - 216. Suppose 0 = -0*o - 2*o + q. Calculate the highest common divisor of o and 3.
3
Let z(p) = -p**3 - 2*p**2 + 2. Let m be z(0). Suppose 5*q = m*f - 905, -5*q + 12 = -q. Calculate the highest common factor of 20 and f.
20
Let g(n) = -3*n**3 + 2*n + 2. Let c be (1 - 2)/(6/222). Let b = -38 - c. Let o be g(b). What is the greatest common factor of 3 and o?
3
Let b(u) = 2*u**2 - 34*u + 35. Let c be b(16). Suppose i = -f + 70, c*i + 4*f - 55 = 150. Calculate the greatest common divisor of 90 and i.
15
Let n = 6835 - 3360. What is the greatest common factor of 50 and n?
25
Suppose -3*z - 21 = -5*i - 106, 2*i - 5*z + 53 = 0. Let p be (-8 - (2 + i)) + 542. What is the greatest common div